 - 0/(6/s) is divided by z?
8
Suppose -3*b + h = -64, -5*b + 0*h + 96 = h. Suppose 18*t - 20*t + 78 = 0. Calculate the remainder when t is divided by b.
19
Let b(u) = u**3 + 16*u**2 + 15*u + 12. Calculate the remainder when 14 is divided by b(-15).
2
Suppose -12*i + 50 = -2*i. Calculate the remainder when i is divided by 5.
0
Let q(s) = -30*s**2 + 2*s + 5. Let p(m) = 15*m**2 - m - 3. Let v(u) = -5*p(u) - 3*q(u). What is the remainder when 38 is divided by v(1)?
10
Let n(s) = 23*s - 31. Calculate the remainder when n(9) is divided by 60.
56
Let o(p) = p**3 + 2*p**2 - 3*p + 4. Let v(i) = i**2 + 3*i - 8. Calculate the remainder when v(-6) is divided by o(-3).
2
Suppose 0 = -0*n - 3*n + 39. Suppose 8*m - 197 = 91. What is the remainder when m is divided by n?
10
Suppose 2*t - 24 = -0*t. Suppose -2*x + t = -18. What is the remainder when 44 is divided by x?
14
Let k = -142 - -148. Calculate the remainder when 26 is divided by k.
2
Let h = -150 - -226. What is the remainder when h is divided by 26?
24
Let d be (-3)/18 - (-11)/(-6). Calculate the remainder when 4/(-4) + (-180)/d is divided by 23.
20
Suppose 2*y + 0*y = 2*f + 4, 4*y - 5*f = 8. Suppose 2*b + y*w = -0*w + 12, 10 = 5*w. Calculate the remainder when 9 is divided by b.
1
Calculate the remainder when (-2486)/(-88) + (-1)/4 is divided by 15.
13
Let w = 18 + 20. What is the remainder when w is divided by 10?
8
Let v(b) = 7*b**2 + 2*b + 1. Let x be v(-1). What is the remainder when 4 is divided by (-1)/((-2)/x*1)?
1
Calculate the remainder when ((-8)/6)/((-2)/6) is divided by (2/4)/(9/((-162)/(-9))).
0
Let b = 86 + -74. Calculate the remainder when 35 is divided by b.
11
Let o be 1522/(-22) + 4/22. Let k be (-2)/(-5) - o/15. Suppose 50 = k*b + 5*s, 5*b - 72 = -4*s - 24. Calculate the remainder when 23 is divided by b.
7
Let r(t) = -t - 5. Let f be r(-6). Suppose 0*v = -v - 4*m - f, 2*v = 4*m + 46. Suppose 0 = 2*n - 19 - 37. Calculate the remainder when n is divided by v.
13
Let u(d) = d**2 + d - 2. Let y(b) = -3*b. Let w be (-2)/(-7) - (-32)/(-14). Calculate the remainder when u(-4) is divided by y(w).
4
Let q(c) = c**2 + 5*c + 2. Let j be q(-5). Suppose -6*g + 4 = -5*g. Suppose -j*o - o + 28 = g*w, 2*w = -10. What is the remainder when o is divided by 9?
7
Suppose 0*y = 3*y - 18. Suppose -4*s - 156 = -5*k, 6*s - 35 = -k + 3*s. What is the remainder when k is divided by (44/(-6))/((-4)/y)?
10
Suppose -d + 4*d + 9 = 0. Suppose o - 17 = 5*i, 4*i + 23 = -o + 4. Calculate the remainder when d/4 - 151/i is divided by 19.
18
Let b = -6 - -3. Let s = 2 - b. Suppose -5*g = -s*u + 70, -u + 0 + 5 = -4*g. Calculate the remainder when 50 is divided by u.
16
Suppose -x - 4*q = -6*x + 238, 5*x = -q + 228. Calculate the remainder when x is divided by 16.
14
Suppose -5*v = 20, -3*g + 3*v + 2 + 4 = 0. Let f(j) = -8*j + 2. Let u be f(g). Let p = u - 1. Calculate the remainder when p is divided by 6.
5
Let h = 18 + 15. Suppose 4*g + 31 + 53 = 4*l, -4*l = -g - 75. What is the remainder when h is divided by l?
15
Let m(l) = -l**2 - 12*l + 4. Calculate the remainder when m(-9) is divided by 8.
7
Suppose -3*g = -g - 124. What is the remainder when g is divided by 16?
14
Let c(m) = -m**2 - 5*m + 4. Let j be c(-6). What is the remainder when 40 is divided by 3*(j - 40/(-6))?
12
Suppose 2*q + k - 7 = 0, q - 5 = -0*k - 2*k. Calculate the remainder when 8 is divided by q.
2
Suppose 63 = 6*a - a + 4*j, -4*j + 3 = a. Suppose -q - 4*i + 3 = -0*q, 5*i = -5*q + a. Calculate the remainder when q - (1 - 4/2) is divided by 3.
1
Let i(s) = 18*s**2 + s - 1. What is the remainder when i(-2) is divided by 18?
15
Calculate the remainder when 15 is divided by (-2)/(21/(-6) - -3).
3
Let o(p) = -p**3 - 4*p**2 - 3*p + 5. Let x be o(-6). Suppose x = 4*f + d + 9, 5*d - 73 = -3*f. Calculate the remainder when f is divided by 11/(-4)*(-4 + 0).
10
Let p(m) = m**2 - 6*m - 10. Let h be p(6). Let l = -7 - h. Calculate the remainder when 8 is divided by l.
2
Let q(y) = -y**3 - 7*y**2 + 11. What is the remainder when 21 is divided by q(-7)?
10
Let o(f) = f**2 + 9*f - 15. Let x(w) = -w + 1. Let i(v) = o(v) + 3*x(v). Calculate the remainder when i(-11) is divided by 22.
21
Let d = 8 - 4. Let u be (-32)/(-20) - d/(-10). Suppose -3*t = u*t - 105. What is the remainder when 62 is divided by t?
20
Suppose 0*y = 3*y - 105. Let s(x) = 29*x**2 - 2 + 1 - 12*x**2 - 2*x. What is the remainder when y is divided by s(-1)?
17
Let o(z) = 2*z**3 - z**2 - z. Let g be o(-1). Let c be (g/(-4))/(-1)*12. Calculate the remainder when 4 is divided by (2/(-3))/(2/c).
0
Let s(h) = 2*h + 1. Let m be s(1). Suppose 5*w - m*a = 104, -w - 3*a = -0 - 10. Let o = 35 - 25. Calculate the remainder when w is divided by o.
9
Suppose -7*h - 5*w + 30 = -5*h, -5*w = -2*h + 50. Let b = 2 - 0. Calculate the remainder when -2*1 - (-82)/b is divided by h.
19
Let q(o) = -o**3 - 4*o**2 - o - 4. Let h be q(-3). Calculate the remainder when 392/20 + 6/h is divided by 7.
5
Let o(x) = x**3 + 6*x**2 + 2*x - 6. What is the remainder when 13 is divided by o(-5)?
4
Suppose -46 = 3*m + 11. Let g = m - -46. Calculate the remainder when g is divided by (7/2)/((-2)/(-8)).
13
Let s(x) = 69*x - 3. Let y be s(6). Let a = y - 224. Suppose 5*p - a = 43. What is the remainder when p is divided by 16?
14
Let d(i) = i**3 + 10*i**2 + 7*i - 5. What is the remainder when d(-8) is divided by 14?
11
Suppose -2*g - 3*x = 2*x - 63, 18 = g - 2*x. Calculate the remainder when g is divided by 8*3/2 - -1.
11
Suppose 0 = -3*g + 40 + 2. What is the remainder when 25 is divided by g?
11
Suppose 2*l = 3*l - 2. Suppose 6*z = l*z - 12. What is the remainder when 13 is divided by (2/4)/(z/(-42))?
6
Let b = -319 + 457. Suppose 5*m = b + 27. What is the remainder when m is divided by 9?
6
Suppose d + 2*n = 7, -3*n - 2*n = 5*d - 20. Let s(j) = 38*j**2 - 1. Let g = -10 + 20. What is the remainder when s(d) is divided by g?
7
Suppose -225 = -0*a - 5*a. Suppose -a = -2*w + 45. Calculate the remainder when w is divided by 12.
9
Suppose 5*q - 4*p - p - 65 = 0, 2*p = -2*q + 26. Calculate the remainder when (-2)/6 - (-73)/3 is divided by q.
11
Suppose 0 = 4*z - 2*z - 5*o - 11, -17 = -2*z + 3*o. Suppose -2*u + 20 = 2*m + 2, 5*u - 5 = 5*m. Calculate the remainder when z is divided by u.
3
Let t = 42 - 22. What is the remainder when (-236)/8*(0 + -2) is divided by t?
19
Let w(f) be the third derivative of -3*f**2 + 0*f + 0 - 1/6*f**4 - 4/3*f**3. What is the remainder when w(-6) is divided by 9?
7
Let j(f) = 14*f**2 - 4*f + 3. Let s(q) = -q + 1. Let o be s(-1). What is the remainder when ((-25)/4 + o)*-12 is divided by j(1)?
12
Suppose -2*b = -0*b + 4*c + 490, -c = 5*b + 1270. Let j = -111 - b. What is the remainder when (2/(-4))/((-3)/j) is divided by 13?
11
Suppose -7 = 3*h - 34. Suppose -5*k - 2*d = -85, 2*d = -2*k - 2*k + 68. Calculate the remainder when k is divided by h.
8
What is the remainder when 14 is divided by 1/1*80/16 - -3?
6
Let z(l) = -2*l - 6. Let h be z(-5). Suppose -2*d = -h*d. Suppose -18 = -d*v - 3*v. Calculate the remainder when 16 is divided by v.
4
Let g(p) = p**3 - 12*p**2 + 8*p + 9. Let l be g(12). Suppose -8*b + l = -5*b. What is the remainder when b is divided by 12?
11
Suppose 0 = 4*o + o + 4*w - 3, 9 = -2*o - 5*w. Suppose s = 3*x + 22 - o, 2*x - 46 = -2*s. Calculate the remainder when s is divided by 8.
6
Suppose 9*c + 70 = 10*c. What is the remainder when c is divided by 24?
22
Let l be (0 - 0) + 3*-1. What is the remainder when 28 is divided by 0 + l - 13*-1?
8
Suppose -4*i + 8*i = 0. Suppose t = -i*t + 15. Calculate the remainder when 27 is divided by t.
12
Let v be ((-2)/(-6))/((-2)/(-12)). Suppose -v*r + 20 = 3*r. Suppose b - r - 29 = 0. Calculate the remainder when b is divided by 17.
16
Let p = 263 + -104. What is the remainder when (-4)/(-14) + p/7 is divided by 6?
5
Suppose u + 0*u = 5. Suppose -3*j - 15 = 0, -7*l + 2*j + 82 = -3*l. What is the remainder when l is divided by u?
3
Suppose 3*x - 5*q = 27 - 3, 0 = -5*x + 4*q + 53. Calculate the remainder when 46 is divided by x.
7
Suppose 3*t + 33 = 6*t. Calculate the remainder when t is divided by 2/7 + (-80)/(-14).
5
Let t(m) = -14*m + 11. What is the remainder when t(-6) is divided by 24?
23
Let q be (-6)/3 - (-95)/(-5). Let k = -14 - q. Calculate th